{"id":384,"date":"2019-04-18T11:07:31","date_gmt":"2019-04-18T11:07:31","guid":{"rendered":"https:\/\/envothemes.com\/envo-ecommerce\/cart\/"},"modified":"2019-04-18T11:07:31","modified_gmt":"2019-04-18T11:07:31","slug":"cart","status":"publish","type":"page","link":"https:\/\/purabath.vn\/?page_id=384","title":{"rendered":"Cart"},"content":{"rendered":"<div class=\"woocommerce\"><div class=\"woocommerce-notices-wrapper\"><\/div><div class=\"wc-empty-cart-message\">\n\t<div class=\"cart-empty woocommerce-info\" role=\"status\">\n\t\tCh\u01b0a c\u00f3 s\u1ea3n ph\u1ea9m n\u00e0o trong gi\u1ecf h\u00e0ng.\t<\/div>\n<\/div>\t<p class=\"return-to-shop\">\n\t\t<a class=\"button wc-backward\" href=\"https:\/\/purabath.vn\/?page_id=383\">\n\t\t\tQuay tr\u1edf l\u1ea1i c\u1eeda h\u00e0ng\t\t<\/a>\n\t<\/p>\n<\/div>\n","protected":false},"excerpt":{"rendered":"","protected":false},"author":1,"featured_media":0,"parent":0,"menu_order":0,"comment_status":"closed","ping_status":"closed","template":"","meta":{"footnotes":""},"class_list":["post-384","page","type-page","status-publish","hentry"],"yoast_head":"<!-- This site is optimized with the Yoast SEO plugin v26.3 - https:\/\/yoast.com\/wordpress\/plugins\/seo\/ -->\n<title>Cart - PURABATH<\/title>\n<meta name=\"robots\" content=\"index, follow, max-snippet:-1, max-image-preview:large, max-video-preview:-1\" \/>\n<link rel=\"canonical\" href=\"https:\/\/purabath.vn\/?page_id=384\" \/>\n<meta property=\"og:locale\" content=\"vi_VN\" \/>\n<meta property=\"og:type\" content=\"article\" \/>\n<meta property=\"og:title\" content=\"Cart - PURABATH\" \/>\n<meta property=\"og:url\" content=\"https:\/\/purabath.vn\/?page_id=384\" \/>\n<meta property=\"og:site_name\" content=\"PURABATH\" \/>\n<meta name=\"twitter:card\" content=\"summary_large_image\" \/>\n<script type=\"application\/ld+json\" class=\"yoast-schema-graph\">{\"@context\":\"https:\/\/schema.org\",\"@graph\":[{\"@type\":\"WebPage\",\"@id\":\"https:\/\/purabath.vn\/?page_id=384\",\"url\":\"https:\/\/purabath.vn\/?page_id=384\",\"name\":\"Cart - PURABATH\",\"isPartOf\":{\"@id\":\"https:\/\/purabath.vn\/#website\"},\"datePublished\":\"2019-04-18T11:07:31+00:00\",\"breadcrumb\":{\"@id\":\"https:\/\/purabath.vn\/?page_id=384#breadcrumb\"},\"inLanguage\":\"vi\",\"potentialAction\":[{\"@type\":\"ReadAction\",\"target\":[\"https:\/\/purabath.vn\/?page_id=384\"]}]},{\"@type\":\"BreadcrumbList\",\"@id\":\"https:\/\/purabath.vn\/?page_id=384#breadcrumb\",\"itemListElement\":[{\"@type\":\"ListItem\",\"position\":1,\"name\":\"Trang ch\u1ee7\",\"item\":\"https:\/\/purabath.vn\/\"},{\"@type\":\"ListItem\",\"position\":2,\"name\":\"Cart\"}]},{\"@type\":\"WebSite\",\"@id\":\"https:\/\/purabath.vn\/#website\",\"url\":\"https:\/\/purabath.vn\/\",\"name\":\"PURABATH\",\"description\":\"Thi\u1ebft b\u1ecb nh\u00e0 b\u1ebfp PuraBath \u2013 Gi\u1ea3i ph\u00e1p ho\u00e0n h\u1ea3o cho kh\u00f4ng gian b\u1ebfp hi\u1ec7n \u0111\u1ea1i  PuraBath l\u00e0 th\u01b0\u01a1ng hi\u1ec7u chuy\u00ean cung c\u1ea5p thi\u1ebft b\u1ecb nh\u00e0 b\u1ebfp cao c\u1ea5p v\u1edbi thi\u1ebft k\u1ebf tinh t\u1ebf, c\u00f4ng ngh\u1ec7 ti\u00ean ti\u1ebfn v\u00e0 \u0111\u1ed9 b\u1ec1n v\u01b0\u1ee3t tr\u1ed9i. C\u00e1c s\u1ea3n ph\u1ea9m c\u1ee7a PuraBath \u2013 t\u1eeb m\u00e1y h\u00fat m\u00f9i, b\u1ebfp t\u1eeb, ch\u1eadu r\u1eeda, v\u00f2i r\u1eeda, l\u00f2 n\u01b0\u1edbng, t\u1ee7 l\u1ea1nh \u00e2m t\u1ee7 \u2013 \u0111\u1ec1u \u0111\u01b0\u1ee3c ch\u1ecdn l\u1ecdc k\u1ef9 l\u01b0\u1ee1ng nh\u1eb1m mang \u0111\u1ebfn tr\u1ea3i nghi\u1ec7m ti\u1ec7n nghi, an to\u00e0n v\u00e0 th\u1ea9m m\u1ef9 cho gia \u0111\u00ecnh Vi\u1ec7t.  V\u1edbi ph\u01b0\u01a1ng ch\u00e2m \u201cTinh t\u1ebf trong t\u1eebng chi ti\u1ebft \u2013 B\u1ec1n b\u1ec9 c\u00f9ng th\u1eddi gian\u201d, PuraBath kh\u00f4ng ch\u1ec9 mang l\u1ea1i c\u00e1c thi\u1ebft b\u1ecb b\u1ebfp ch\u1ea5t l\u01b0\u1ee3ng m\u00e0 c\u00f2n l\u00e0 ng\u01b0\u1eddi b\u1ea1n \u0111\u1ed3ng h\u00e0nh trong vi\u1ec7c ki\u1ebfn t\u1ea1o kh\u00f4ng gian s\u1ed1ng hi\u1ec7n \u0111\u1ea1i, sang tr\u1ecdng v\u00e0 ti\u1ebft ki\u1ec7m n\u0103ng l\u01b0\u1ee3ng.  \ud83d\udc49 PuraBath \u2013 n\u00e2ng t\u1ea7m phong c\u00e1ch s\u1ed1ng, kh\u01a1i ngu\u1ed3n c\u1ea3m h\u1ee9ng cho c\u0103n b\u1ebfp Vi\u1ec7t.\",\"publisher\":{\"@id\":\"https:\/\/purabath.vn\/#organization\"},\"potentialAction\":[{\"@type\":\"SearchAction\",\"target\":{\"@type\":\"EntryPoint\",\"urlTemplate\":\"https:\/\/purabath.vn\/?s={search_term_string}\"},\"query-input\":{\"@type\":\"PropertyValueSpecification\",\"valueRequired\":true,\"valueName\":\"search_term_string\"}}],\"inLanguage\":\"vi\"},{\"@type\":\"Organization\",\"@id\":\"https:\/\/purabath.vn\/#organization\",\"name\":\"PURABATH\",\"url\":\"https:\/\/purabath.vn\/\",\"logo\":{\"@type\":\"ImageObject\",\"inLanguage\":\"vi\",\"@id\":\"https:\/\/purabath.vn\/#\/schema\/logo\/image\/\",\"url\":\"https:\/\/purabath.vn\/wp-content\/uploads\/2025\/11\/cropped-logo-Purabathh-01.png\",\"contentUrl\":\"https:\/\/purabath.vn\/wp-content\/uploads\/2025\/11\/cropped-logo-Purabathh-01.png\",\"width\":1875,\"height\":562,\"caption\":\"PURABATH\"},\"image\":{\"@id\":\"https:\/\/purabath.vn\/#\/schema\/logo\/image\/\"}}]}<\/script>\n<!-- \/ Yoast SEO plugin. -->","yoast_head_json":{"title":"Cart - PURABATH","robots":{"index":"index","follow":"follow","max-snippet":"max-snippet:-1","max-image-preview":"max-image-preview:large","max-video-preview":"max-video-preview:-1"},"canonical":"https:\/\/purabath.vn\/?page_id=384","og_locale":"vi_VN","og_type":"article","og_title":"Cart - PURABATH","og_url":"https:\/\/purabath.vn\/?page_id=384","og_site_name":"PURABATH","twitter_card":"summary_large_image","schema":{"@context":"https:\/\/schema.org","@graph":[{"@type":"WebPage","@id":"https:\/\/purabath.vn\/?page_id=384","url":"https:\/\/purabath.vn\/?page_id=384","name":"Cart - PURABATH","isPartOf":{"@id":"https:\/\/purabath.vn\/#website"},"datePublished":"2019-04-18T11:07:31+00:00","breadcrumb":{"@id":"https:\/\/purabath.vn\/?page_id=384#breadcrumb"},"inLanguage":"vi","potentialAction":[{"@type":"ReadAction","target":["https:\/\/purabath.vn\/?page_id=384"]}]},{"@type":"BreadcrumbList","@id":"https:\/\/purabath.vn\/?page_id=384#breadcrumb","itemListElement":[{"@type":"ListItem","position":1,"name":"Trang ch\u1ee7","item":"https:\/\/purabath.vn\/"},{"@type":"ListItem","position":2,"name":"Cart"}]},{"@type":"WebSite","@id":"https:\/\/purabath.vn\/#website","url":"https:\/\/purabath.vn\/","name":"PURABATH","description":"Thi\u1ebft b\u1ecb nh\u00e0 b\u1ebfp PuraBath \u2013 Gi\u1ea3i ph\u00e1p ho\u00e0n h\u1ea3o cho kh\u00f4ng gian b\u1ebfp hi\u1ec7n \u0111\u1ea1i  PuraBath l\u00e0 th\u01b0\u01a1ng hi\u1ec7u chuy\u00ean cung c\u1ea5p thi\u1ebft b\u1ecb nh\u00e0 b\u1ebfp cao c\u1ea5p v\u1edbi thi\u1ebft k\u1ebf tinh t\u1ebf, c\u00f4ng ngh\u1ec7 ti\u00ean ti\u1ebfn v\u00e0 \u0111\u1ed9 b\u1ec1n v\u01b0\u1ee3t tr\u1ed9i. C\u00e1c s\u1ea3n ph\u1ea9m c\u1ee7a PuraBath \u2013 t\u1eeb m\u00e1y h\u00fat m\u00f9i, b\u1ebfp t\u1eeb, ch\u1eadu r\u1eeda, v\u00f2i r\u1eeda, l\u00f2 n\u01b0\u1edbng, t\u1ee7 l\u1ea1nh \u00e2m t\u1ee7 \u2013 \u0111\u1ec1u \u0111\u01b0\u1ee3c ch\u1ecdn l\u1ecdc k\u1ef9 l\u01b0\u1ee1ng nh\u1eb1m mang \u0111\u1ebfn tr\u1ea3i nghi\u1ec7m ti\u1ec7n nghi, an to\u00e0n v\u00e0 th\u1ea9m m\u1ef9 cho gia \u0111\u00ecnh Vi\u1ec7t.  V\u1edbi ph\u01b0\u01a1ng ch\u00e2m \u201cTinh t\u1ebf trong t\u1eebng chi ti\u1ebft \u2013 B\u1ec1n b\u1ec9 c\u00f9ng th\u1eddi gian\u201d, PuraBath kh\u00f4ng ch\u1ec9 mang l\u1ea1i c\u00e1c thi\u1ebft b\u1ecb b\u1ebfp ch\u1ea5t l\u01b0\u1ee3ng m\u00e0 c\u00f2n l\u00e0 ng\u01b0\u1eddi b\u1ea1n \u0111\u1ed3ng h\u00e0nh trong vi\u1ec7c ki\u1ebfn t\u1ea1o kh\u00f4ng gian s\u1ed1ng hi\u1ec7n \u0111\u1ea1i, sang tr\u1ecdng v\u00e0 ti\u1ebft ki\u1ec7m n\u0103ng l\u01b0\u1ee3ng.  \ud83d\udc49 PuraBath \u2013 n\u00e2ng t\u1ea7m phong c\u00e1ch s\u1ed1ng, kh\u01a1i ngu\u1ed3n c\u1ea3m h\u1ee9ng cho c\u0103n b\u1ebfp Vi\u1ec7t.","publisher":{"@id":"https:\/\/purabath.vn\/#organization"},"potentialAction":[{"@type":"SearchAction","target":{"@type":"EntryPoint","urlTemplate":"https:\/\/purabath.vn\/?s={search_term_string}"},"query-input":{"@type":"PropertyValueSpecification","valueRequired":true,"valueName":"search_term_string"}}],"inLanguage":"vi"},{"@type":"Organization","@id":"https:\/\/purabath.vn\/#organization","name":"PURABATH","url":"https:\/\/purabath.vn\/","logo":{"@type":"ImageObject","inLanguage":"vi","@id":"https:\/\/purabath.vn\/#\/schema\/logo\/image\/","url":"https:\/\/purabath.vn\/wp-content\/uploads\/2025\/11\/cropped-logo-Purabathh-01.png","contentUrl":"https:\/\/purabath.vn\/wp-content\/uploads\/2025\/11\/cropped-logo-Purabathh-01.png","width":1875,"height":562,"caption":"PURABATH"},"image":{"@id":"https:\/\/purabath.vn\/#\/schema\/logo\/image\/"}}]}},"_links":{"self":[{"href":"https:\/\/purabath.vn\/index.php?rest_route=\/wp\/v2\/pages\/384","targetHints":{"allow":["GET"]}}],"collection":[{"href":"https:\/\/purabath.vn\/index.php?rest_route=\/wp\/v2\/pages"}],"about":[{"href":"https:\/\/purabath.vn\/index.php?rest_route=\/wp\/v2\/types\/page"}],"author":[{"embeddable":true,"href":"https:\/\/purabath.vn\/index.php?rest_route=\/wp\/v2\/users\/1"}],"replies":[{"embeddable":true,"href":"https:\/\/purabath.vn\/index.php?rest_route=%2Fwp%2Fv2%2Fcomments&post=384"}],"version-history":[{"count":0,"href":"https:\/\/purabath.vn\/index.php?rest_route=\/wp\/v2\/pages\/384\/revisions"}],"wp:attachment":[{"href":"https:\/\/purabath.vn\/index.php?rest_route=%2Fwp%2Fv2%2Fmedia&parent=384"}],"curies":[{"name":"wp","href":"https:\/\/api.w.org\/{rel}","templated":true}]}}